= -p**2 - p - 2. Let b(f) = 4*f. Let z be b(-2). Let t be z/12 + (-2)/(-3). What is d(t)?
-2
Let d(g) = -8*g**3 - 2*g**2 - 2*g. Let y(z) = -z**3 + 33*z**2 - 90*z - 2. Let l be y(30). What is d(l)?
60
Let p(l) = 3*l + 1. Let a be 16/8 + 2 + 1. Suppose -a*x + 2*v = -0*v + 16, -x = v - 1. Give p(x).
-5
Let p(x) = x**2 - 5*x + 2. Suppose 4*n + 2*v = 8, -8*n = -3*n + v - 13. Give p(n).
-4
Suppose 15 = -23*q + 20*q. Let t(c) = -c + 1. Let u(h) = -7*h - 4. Let a(b) = 3*t(b) - u(b). What is a(q)?
-13
Let k(q) = q + 5. Let m = 3 - -1. Suppose 3*n = -m*c + 15, 2*n - 2*c = -0*c + 10. Suppose -5*o - 2*l = 15, 3*o + 0*o + 40 = n*l. Give k(o).
0
Let c = -238 - -244. Let r(g) be the first derivative of 0*g**2 - c*g - 1 + 0*g**3 + 1/4*g**4. Calculate r(0).
-6
Let h(m) = 3*m - 1. Suppose -4*o + 32 = -5*k + 7*k, -43 = -4*k - o. Suppose 11*y - k*y = -1. Calculate h(y).
-4
Let l(i) = 5*i + 111. Let m(u) = -3*u**2 - 24*u - 68. Let c be m(-5). What is l(c)?
-4
Let b(m) = -9*m**2 + 8*m - 8. Let h(c) = -4*c**2 + 4*c - 4. Let d(r) = -3*b(r) + 7*h(r). Let k = 172 - 167. Calculate d(k).
-9
Let w = 2 - 0. Let a(i) be the third derivative of -i**6/120 + i**5/20 - i**4/12 + i**3/6 - 3*i**2. Let q be a(w). Let m(x) = -6*x - 1. Calculate m(q).
-7
Let f(a) = -2*a - 15. Suppose -6*b = 12 + 54. What is f(b)?
7
Let v(l) = -9*l**2 + 2*l - 11. Let j(a) = 5*a**2 - a + 6. Let b(u) = -11*j(u) - 6*v(u). Suppose 220*d = 208*d - 12. Give b(d).
0
Let s be (4/6)/(66/693). Let g(y) = y**2 - 4*y - 10. Calculate g(s).
11
Let p(a) = 2*a**3 - 4*a**2 + 1. Let k(y) = -2*y**2 - 13*y - 3. Let l be k(-6). Determine p(l).
19
Let n(c) be the first derivative of -c**2/2 + 2*c + 1. Let a = -52 - -46. Let s be (a/(-1))/(-3) - 4. What is n(s)?
8
Let w be 3 + (-3 + 0 - -1). Let u(v) = -1. Suppose -3*r + k = 2*r + 32, -16 = 4*r + 4*k. Let x(h) = h + 1. Let a(s) = r*u(s) - 7*x(s). Give a(w).
-8
Let p(q) = q**3 - 5*q**2 - 8*q + 3. Let d(j) = j**3 + 4*j**2 - 2*j - 9. Let s be d(-3). Calculate p(s).
-9
Let d(g) = 6*g**2 - 3*g + 9. Let x(c) = -3*c**2 + c - 4. Let s(t) = -2*d(t) - 5*x(t). Let i be (-40)/90 + 56/(-36) + 0. What is s(i)?
12
Let r = -38 - -43. Suppose 0 = -p - 1 - 0, r*k = 5*p + 15. Let j(a) = -2*a + 1. Determine j(k).
-3
Let p = 19 - 17. Let c be (p + 1)*(-10)/(-3). Let h(a) = 0*a - 2 - 3*a + c + 0*a. What is h(6)?
-10
Let i(v) = -v**3 + 6*v**2 + 2*v + 4. Suppose -3*l - 12 = -5*l - 2*b, 1 = l - 4*b. Suppose -l*t = -17 - 13. What is i(t)?
16
Let j = -202 - -34. Let y be (-9)/6*j/18. Let q(c) = c**2 - 2*c**2 - c - 8*c + y*c - 3. Give q(3).
3
Let u(c) = c**3 + 3*c**2 + 6*c. Let y be -4 - 2 - -1*(5 - 3). Give u(y).
-40
Suppose -5*w = u - 23, u - 5*u + 8 = -w. Let k be (-12)/9*(-6)/4. Let m(d) = -2*d**2 + 7 - w - 6*d + 4*d**k - d**2. What is m(4)?
-5
Let k be (-1 - (-3 + 3)) + 5. Let j(a) = -2 + k + 1 + a**2 - 3*a - 2*a. Give j(7).
17
Let t(n) = n**3 - n**2 - 2*n - 1. Suppose -6*m = -3*c - 4*m - 4, m = -4*c + 2. Give t(c).
-1
Let o = 1579 + -1571. Let g(a) = -5*a + 32. What is g(o)?
-8
Let m(u) = u**3 - u**2 + u. Let x(b) = b**3 + 8*b**2 + 2*b - 9. Let f(d) = -2*m(d) + x(d). What is f(10)?
-9
Let l(j) = -7*j + 7. Let g(y) = -15*y + 15. Let b(z) = 6*g(z) - 13*l(z). Let v(h) = h + 1. Let m be v(-7). Determine b(m).
-7
Let s(k) = 14 + 4*k + 16 - 31 - 2*k. Let g(p) = 2*p**2 + 5*p + 4. Let x be g(-1). Calculate s(x).
1
Let b(f) = -8*f + f**2 + 9 + 2 - 5. Let t be (3 - 1)/(-4)*-6. Suppose t*o - 5 = 10. Determine b(o).
-9
Let l = 332 - 332. Let c(n) = n**2 - n - 13. What is c(l)?
-13
Suppose 10 = -44*q + 42*q. Let n(d) = 2*d + 4. Give n(q).
-6
Let m(z) be the second derivative of z**4/12 + 4*z**3/3 + 2*z**2 - 16*z. Give m(-7).
-3
Let h(m) be the third derivative of -m**6/120 - m**5/20 - m**4/24 + m**3/3 + m**2. Let u = -15 + 22. Suppose 3*z - 1 = -u. Determine h(z).
0
Let j(b) be the second derivative of 3*b**2 - 6*b - 1/3*b**3 + 0 - 1/12*b**4. Let x be (1 - -2) + -3*3. Give j(x).
-18
Let d(u) = -u - u**3 - 5 + 6 - 6 + 8 - 4*u**2. Calculate d(-4).
7
Suppose 5*m = 2*m - 24. Let u = m + 9. Let r(k) = -11 + k + 7 + 2 - u. What is r(3)?
0
Let z(h) = 2*h - 4. Suppose -y = y, -w = -y + 18. Let m be 76/24 + 3/w. Give z(m).
2
Let g = -10 + 15. Let i be -8 - -4 - -3 - g. Let r(d) = d**3 + 5*d**2 - 6*d + 4. Give r(i).
4
Let y(j) be the third derivative of j**6/120 + 3*j**5/20 - 5*j**4/12 + j**3/2 + 10*j**2. Calculate y(-10).
3
Let t(q) = -13*q**2 + 2*q - 4. Let n(h) = -41*h**2 + 5*h - 13. Let i(l) = -6*n(l) + 19*t(l). Let g = 4 - -2. What is i(g)?
14
Let o(t) = t + 2*t**2 - t**3 + 1 - 1 - 2*t**3. Suppose -27 = 4*m - 23. Give o(m).
4
Let l = -4 + -5. Let f be ((-2)/4)/(l/(-6) + -2). Let v(p) = p**3 + p**2 - 2*p + 1. Calculate v(f).
1
Let z(r) = -r**3 - r**2 + 2*r + 6. Let m be z(-2). Suppose m = 8*l - 6*l. Let v(d) = -4*d + 2. What is v(l)?
-10
Suppose 2*x + 35 = -5*u, -2*x = -8*u + 10*u + 14. Let w(k) = -k**3 - 8*k**2 - 7*k - 2. Calculate w(u).
-2
Let w be 4/(-2) - ((-8)/2 + 0). Let g = 8 + -6. Let s(o) = 3 - 2*o - 3 - g. Determine s(w).
-6
Suppose 2*o = k + 6, -k + o - 6 = -3*o. Suppose 5*z + 0*z = 20. Let y(d) = -z*d**2 - 18*d**3 + 3*d + 17*d**3 + 9 - d**2 + 4*d. What is y(k)?
3
Let a(d) = d**3 - 3*d**2 + 4*d - 2. Suppose 0 = 8*c - 11*c - 4*h + 18, 4*c - h = 5. Give a(c).
2
Let h = -112 + 112. Suppose h = 8*g - 16*g. Let v(b) = b**2 + 1. What is v(g)?
1
Let t be (52/(-520))/((-12)/5). Let v(m) be the third derivative of m**2 + 0*m - 1/2*m**3 + 0 - t*m**4. Determine v(-5).
2
Let o be (11/22)/((-2)/16) + 13. Suppose -3*a + 12 = -3*p, -4*a + p - o = -34. Let h(c) = c**2 - 8*c + 5. What is h(a)?
-2
Let i(g) = 2*g - 6. Let x be i(5). Let m(n) = -3 + 4*n - 13 + 3*n**2 + n - 2*n - n**3 + 12. Determine m(x).
-8
Let f(l) = -3*l + 7. Let r(m) = 5*m**3 + m**2 + m - 1. Let d be r(1). Suppose -d*x + 10*x - 20 = 0. What is f(x)?
-8
Let s(w) = 8*w**2 + 10*w + 7. Let h(g) = 10*g**2 + 12*g + 9. Let c(n) = 3*h(n) - 4*s(n). Let u be (-26)/(-2) + -2 - -1. Suppose d = -3*d - u. Calculate c(d).
-7
Let j(t) = t**2 - 5*t + 2. Let q be ((-7)/(315/(-1494)))/((-4)/(-10)). Let d = q - 79. Give j(d).
-2
Let u(o) be the first derivative of 19 + 5*o - 5/3*o**3 + 7/2*o**2 - 1/4*o**4. Give u(-6).
-1
Let l(h) = -52 + h + 29 + 13*h**3 + 23. What is l(1)?
14
Let q(p) = -p + 4. Let s = 38 + -38. Suppose -4*l - 2*x + x - 9 = s, 0 = l - 2*x + 9. Give q(l).
7
Let c(j) = 22*j**3 + 1. Let w = -1062 - -1061. Calculate c(w).
-21
Let j(w) = w**3 + 3*w + 3. Let v be j(0). Let z be (v/9)/((-12)/(-72)). Let s(x) = -2*x**3 - 2*x**2 - 2*x + 2. Calculate s(z).
-26
Let r = 682 - 686. Let u(p) = -p**2 - 3*p + 1. What is u(r)?
-3
Let a(w) = -w**3 + 11*w**2 + 9*w + 12. Let p(l) = 5*l**3 - 45*l**2 - 36*l - 48. Let z(h) = -9*a(h) - 2*p(h). Let b be z(-8). Let d(m) = m**2 + 2*m. Give d(b).
8
Suppose -1 - 3 = 4*n. Let x = 32 - 24. Let l(v) = -1 - x*v**3 - 229*v**2 + 229*v**2. Determine l(n).
7
Let i(s) = -4 + 4*s**2 - 26*s**2 + s**3 + 7*s**2 + 15*s. Calculate i(14).
10
Let w(r) = -10*r**2 - 10*r + 13. Let q(g) = -3*g**2 - 3*g + 4. Let x(i) = 7*q(i) - 2*w(i). Give x(1).
0
Let w = 19 - 10. Suppose -3*y = -2 - 16. Let i(d) = 6 + 15*d**2 + w*d**2 - 29*d**2 - d**3 + y*d. Give i(-6).
6
Let v(y) = 35 + y**3 - 66 + y**2 - y + 0*y**2 + 30. Give v(-3).
-16
Let m(g) = -34*g**2 + 20*g + 6. Let c(p) = 26*p**2 - 19*p - 5. Let s(z) = -4*c(z) - 3*m(z). What is s(9)?
-16
Let o(k) = -2*k**3 - 2*k**2 + k - 1. Let y(w) = 9*w**3 + 14*w**2 + w + 5. Let b(i) = 4*o(i) + y(i). Calculate b(-4).
13
Let d(n) = n**3 - 2*n**2 + 2*n - 3. Let x = 493 + -490. Give d(x).
12
Let g(p) be the first derivative of -p**3/3 - 3*p**2 - 2*p - 1. Let y(b) = -b**2 - 20*b - 104. Let c be y(-10). Give g(c).
6
Let f(a) = a**2 + 4*a + 4. Let y = -110 - -104. Let i = y - -1. Give f(i).
9
Let d = 8 + -5. Let p(a) = a**3 - 8*a**2 - 3*a + 3. Let l(t) = t**2. Suppose -4*m + 5 = 1. Let n(q) = m*p(q) + 5*l(q). Calculate n(d).
-6
Let h(v) = -v**2 - 5*v - 8. Let r(k) = -2*k**2 - 11*k + 7. Let a be r(-6). Let g be (-11)/2 + a/(-2). Give h(g).
-14
Suppose -55 = 2*y - 5*m, y + 26 = m - 0. Let o = y - -17. Let w = o - -5. Let c(p) = p**2 + 3*p + 1. Give c(w).
1
Let h be 640/104 + (-14)/91. Let j(l) = -2*l + 8. Determine j(h).
-4
Let v(h) = -22 - 14 + 2 - 191*h + 190*h. What is v(-15)?
-19
Let z(h) = h**3 - 3*h + 4. Let m(u) = 2*u*